 11 divide 2644802940?
False
Does 9 divide 22044861?
True
Is 20 a factor of 62996377?
False
Is 9 a factor of 74458928?
False
Is 21428683 a multiple of 64?
False
Is 2026934720 a multiple of 20?
True
Does 14 divide 154535892?
True
Is 23 a factor of 177069410?
True
Is 2717 a factor of 72139067?
True
Does 362 divide 130645438?
True
Does 2062 divide 345053018?
True
Is 2155344 a multiple of 332?
True
Does 944 divide 53675840?
True
Is 46406022 a multiple of 102?
True
Does 88 divide 136869480?
True
Is 381306582 a multiple of 6?
True
Is 256544179 a multiple of 24?
False
Does 1696 divide 12018588?
False
Does 15107 divide 3240783854?
True
Does 16 divide 36033360?
True
Is 140 a factor of 6357587149?
False
Is 797 a factor of 131284231?
True
Is 62 a factor of 1002300556?
True
Does 203 divide 150678983?
True
Is 1187 a factor of 2596268124?
True
Is 53 a factor of 1115779744?
True
Does 2 divide 503347170?
True
Is 17157971 a multiple of 126?
False
Is 2229662 a multiple of 2?
True
Is 1151 a factor of 142902585?
False
Is 538 a factor of 83890340?
True
Does 382 divide 69281853?
False
Does 26 divide 288415374?
True
Is 99934965 a multiple of 658?
False
Is 131781541 a multiple of 13?
False
Is 3113368 a multiple of 543?
False
Is 2442 a factor of 156476034?
True
Does 436 divide 16468592?
True
Is 117956484 a multiple of 36?
True
Is 21451824 a multiple of 18?
True
Does 9736 divide 482000152?
True
Is 1053660 a multiple of 6?
True
Is 277 a factor of 2146384885?
False
Does 49 divide 32226250?
False
Is 2130 a factor of 296557161?
False
Does 93 divide 342730120?
False
Is 4874570 a multiple of 4?
False
Does 101 divide 13794883?
True
Does 843 divide 195815722?
False
Is 464 a factor of 400465872?
True
Is 3315770 a multiple of 295?
False
Does 22 divide 4858722?
True
Is 37839623 a multiple of 40?
False
Is 410274888 a multiple of 13?
False
Is 245 a factor of 37374750?
True
Is 3 a factor of 12806907?
True
Does 16 divide 598051556?
False
Is 283326600 a multiple of 150?
True
Is 6 a factor of 29554062?
True
Is 329 a factor of 11027093?
True
Is 224 a factor of 143577280?
True
Is 824886494 a multiple of 218?
True
Is 29 a factor of 292375216?
True
Is 420102333 a multiple of 1843?
False
Is 52997760 a multiple of 135?
True
Does 3961 divide 2700734725?
False
Is 626384750 a multiple of 518?
False
Does 50 divide 27090723?
False
Is 47232608 a multiple of 284?
True
Does 205 divide 286026948?
False
Is 185262719 a multiple of 901?
True
Is 156809904 a multiple of 8?
True
Is 3966807 a multiple of 4?
False
Is 110749113 a multiple of 982?
False
Is 97 a factor of 1166577130?
False
Does 1502 divide 1395675928?
False
Is 620231209 a multiple of 2361?
False
Is 55 a factor of 38303847?
False
Is 315 a factor of 8511930?
True
Is 715475020 a multiple of 717?
False
Does 18 divide 3890813?
False
Is 63 a factor of 1925011998?
True
Is 763075661 a multiple of 27?
False
Does 2818 divide 42202368?
True
Is 1103454 a multiple of 198?
True
Is 18 a factor of 12265088?
False
Does 44 divide 112149928?
True
Is 137435633 a multiple of 1411?
True
Is 36 a factor of 1505960?
False
Does 60 divide 22692103?
False
Is 5 a factor of 114095045?
True
Is 546 a factor of 30090342?
False
Is 1211 a factor of 1815958683?
True
Is 35 a factor of 12836166?
False
Is 44 a factor of 45325267?
False
Is 30 a factor of 831860281?
False
Does 2565 divide 54257576?
False
Is 117 a factor of 10864035?
True
Is 170072514 a multiple of 1647?
True
Is 546 a factor of 1390542?
False
Is 66625254 a multiple of 15?
False
Is 145468884 a multiple of 12?
True
Does 306 divide 3210942819?
False
Is 663 a factor of 9740386?
False
Does 491 divide 15769075?
False
Does 282 divide 49860420?
True
Is 6850532 a multiple of 376?
False
Is 541657594 a multiple of 11?
False
Is 788562186 a multiple of 214?
False
Is 41895115 a multiple of 162?
False
Does 145 divide 33693541?
False
Is 3 a factor of 7674145?
False
Does 255 divide 64047735?
False
Is 20 a factor of 167056220?
True
Does 155 divide 50303080?
True
Is 10 a factor of 1309045?
False
Is 118462003 a multiple of 1363?
False
Is 2516487458 a multiple of 21?
False
Does 3 divide 4754598?
True
Is 128348520 a multiple of 30?
True
Is 16 a factor of 27653872?
True
Is 6084231 a multiple of 134?
False
Is 10 a factor of 224274370?
True
Is 1857027948 a multiple of 12?
True
Is 47113791 a multiple of 289?
False
Is 315414630 a multiple of 171?
True
Is 1406 a factor of 113688343?
False
Does 29 divide 49806224?
True
Is 120449185 a multiple of 1752?
False
Is 202170800 a multiple of 5?
True
Is 992 a factor of 39291136?
True
Is 53446050 a multiple of 47?
True
Is 1413544465 a multiple of 1494?
False
Does 15 divide 133423012?
False
Is 138685744 a multiple of 2?
True
Does 245 divide 63941815?
True
Is 172 a factor of 9838072?
False
Is 1232345928 a multiple of 132?
True
Does 12 divide 395319373?
False
Does 75 divide 216573850?
False
Does 5015 divide 191523414?
False
Is 436141764 a multiple of 93?
False
Is 24342017 a multiple of 16?
False
Does 15 divide 1358630?
False
Is 271948908 a multiple of 11?
True
Is 1526041851 a multiple of 95?
False
Is 621 a factor of 3119182398?
True
Is 562960842 a multiple of 4580?
False
Is 201 a factor of 213000827?
False
Does 1768 divide 196223219?
False
Is 51902768 a multiple of 2206?
True
Is 10496544 a multiple of 2544?
True
Is 181823203 a multiple of 147?
False
Is 578896262 a multiple of 51?
False
Is 345 a factor of 109560161?
False
Is 277821575 a multiple of 6?
False
Does 2157 divide 2551715633?
False
Does 27 divide 93174988?
False
Is 92 a factor of 45953651?
False
Is 61 a factor of 25927501?
True
Does 167 divide 139583533?
False
Does 3 divide 625327943?
False
Is 6283 a factor of 716343679?
True
Does 21 divide 79027740?
False
Is 184052614 a multiple of 7?
False
Does 145 divide 950000995?
True
Is 2955850971 a multiple of 10119?
True
Is 19 a factor of 140635925?
False
Is 45206832 a multiple of 11?
True
Does 981 divide 3623208527?
False
Is 740120710 a multiple of 35?
True
Is 23073507 a multiple of 19?
False
Is 333288 a multiple of 8?
True
Is 1028245038 a multiple of 59?
True
Is 2359 a factor of 97407828?
True
Is 32293209 a multiple of 49?
False
Does 13 divide 199419977?
False
Does 69 divide 46297181?
False
Is 4 a factor of 324840054?
False
Is 142583369 a multiple of 2?
False
Is 1659567027 a multiple of 3272?
False
Does 7 divide 1178792216?
True
Does 107 divide 385953651?
False
Is 157 a factor of 12380235?
True
Is 37896628 a multiple of 7?
True
Is 10 a factor of 5193209?
False
Does 58 divide 51446692?
False
Is 2 a factor of 184855409?
False
Is 1713 a multiple of 258?
False
Is 269512551 a multiple of 2553?
True
Does 155 divide 166690388?
False
Does 4567 divide 788835075?
True
Does 57 divide 1242627588?
True
Does 25 divide 77911333?
False
Does 949 divide 208123025?
False
Is 1862137332 a multiple of 182?
False
Is 2224 a factor of 7385904?
True
Is 20 a factor of 30952224?
False
Is 170059122 a multiple of 118?
True
Does 47 divide 87768129?
True
Does 50 divide 5736452650?
True
Is 22484070 a multiple of 42?
True
Does 118 divide 45536955?
False
Is 5 a factor of 11588158?
False
Is 156 a factor of 2026839636?
False
Does 40 divide 12802920?
True
Does 81 divide 14773206?
False
Does 766 divide 198008702?
True
Is 3249274699 a multiple of 1783?
False
Does 90 divide 6959648250?
True
Does 169 divide 47497344?
False
Is 3439418584 a multiple of 1275?
False
Is 52344344 a multiple of 148?
True
Does 904 divide 7352910904?
True
Is 10430018 even?
True
Is 368419350 a multiple of 26?
True
Does 7 divide 2568825?
True
Is 18 a factor of 23005416?
False
Does 6945 divide 1612045620?
True
Is 4 a factor of 1161568761?
False
Is 1333 a factor of 83399145?
True
Is 410 a factor of 361975060?
True
Does 1005 divide 671637480?
True
Does 260 divide 8139040?
True
Is 17 a factor of 51360303?
False
Is 608 a factor of 11180021?
False
Is 24293046 a multiple of 26?
False
Does 37 divide 3309095?
True
Is 21930021 a multiple of 21?
False
Is 141512372 a multiple of 71?
True
Does 1358 divide 23019458?
True
Is 216 a factor of 11580192?
True
Is 375278658 a multiple of 402?
True
Is 15395791 a multiple of 252?
False
Is 1167808532 a multiple of 1012?
True
Does 2794 divide 10155606?
False
Is 5399797 a multiple of 28?
False
Is 32130814 a multiple of 447?
False
Is 55604500 a mul